{"id":77,"date":"2017-12-11T21:30:47","date_gmt":"2017-12-11T20:30:47","guid":{"rendered":"http:\/\/build.wscb.at\/?page_id=77"},"modified":"2018-01-28T15:33:01","modified_gmt":"2018-01-28T14:33:01","slug":"uber-uns","status":"publish","type":"page","link":"http:\/\/wscb.at\/?page_id=77","title":{"rendered":"\u00dcber uns"},"content":{"rendered":"<p>Der Wasserskiclub Bregenz wude im Jahre 1993 gegr\u00fcndet und hat derzeit ca. 45 Mitglieder.<\/p>\n<p>Unser Zuhause ist schon wie der Name sagt in Bregenz am Bodensee (siehe Standort). Unser Boot, ein Ski Nautique von Correct Craft mit 240PS, liegt im Bregenzer Gondelhafen von wo aus wir auch meistens trainieren. Parallel ben\u00fctzen wir den Startsteg neben den Festspielen um am Abend vom Land wegzufahren (siehe Standort).<\/p>\n<p>Unser Club ist bem\u00fcht, neben viel Spa\u00dffaktor f\u00fcr diejenigen die das Wasserskifahren nur sporadisch betreiben auch den Bereich Wasserski-Wettkampf zu forcieren. Dabei sprechen wir vor allem die jungen Wasserskil\u00e4ufer\/innen an, welche auch regelm\u00e4\u00dfig an Bewerben teilnehmen und sich mit anderen Wettk\u00e4mpfern zu messen.<\/p>\n<p><img loading=\"lazy\" class=\"alignnone size-medium wp-image-532\" src=\"http:\/\/wscb.at\/wp-content\/uploads\/2018\/01\/P7310019-300x225.jpg\" alt=\"\" width=\"300\" height=\"225\" srcset=\"http:\/\/wscb.at\/wp-content\/uploads\/2018\/01\/P7310019-300x225.jpg 300w, http:\/\/wscb.at\/wp-content\/uploads\/2018\/01\/P7310019-768x576.jpg 768w, http:\/\/wscb.at\/wp-content\/uploads\/2018\/01\/P7310019-1024x768.jpg 1024w\" sizes=\"(max-width: 300px) 100vw, 300px\" \/>\u00a0\u00a0\u00a0 <img loading=\"lazy\" class=\"alignnone size-medium wp-image-531\" src=\"http:\/\/wscb.at\/wp-content\/uploads\/2018\/01\/Startplatz-7-300x225.jpg\" alt=\"\" width=\"300\" height=\"225\" srcset=\"http:\/\/wscb.at\/wp-content\/uploads\/2018\/01\/Startplatz-7-300x225.jpg 300w, http:\/\/wscb.at\/wp-content\/uploads\/2018\/01\/Startplatz-7-768x576.jpg 768w, http:\/\/wscb.at\/wp-content\/uploads\/2018\/01\/Startplatz-7-1024x768.jpg 1024w, http:\/\/wscb.at\/wp-content\/uploads\/2018\/01\/Startplatz-7.jpg 1280w\" sizes=\"(max-width: 300px) 100vw, 300px\" \/><\/p>\n<p>Auch sind wir immer wieder bem\u00fcht Trainingslager an anderen Seen zu organisieren, damit die Wasserskil\u00e4ufer\/innen auch andere Wasserskianlagen kennen lernen und gewohnt werden auch unter anderen \u00e4u\u00dferen Bedingungen Wasserski zu laufen. Diese Trainingslager sind jedes Jahr sehr beliebt und werden auch mit gro\u00dfen Fortschritten belohnt.<\/p>\n<p>Falls du mehr \u00fcber den Wasserskisport wissen willst melde dich einfach oder besuch uns einmal am See.<\/p>\n","protected":false},"excerpt":{"rendered":"<p>Der Wasserskiclub Bregenz wude im Jahre 1993 gegr\u00fcndet und hat derzeit ca. 45 Mitglieder. Unser Zuhause ist schon wie der Name sagt in Bregenz am Bodensee (siehe Standort). Unser Boot, ein Ski Nautique von Correct Craft mit 240PS, liegt im Bregenzer Gondelhafen von wo aus wir auch meistens trainieren. Parallel ben\u00fctzen wir den Startsteg neben [&hellip;]<\/p>\n","protected":false},"author":1,"featured_media":0,"parent":0,"menu_order":0,"comment_status":"closed","ping_status":"closed","template":"","meta":[],"_links":{"self":[{"href":"http:\/\/wscb.at\/index.php?rest_route=\/wp\/v2\/pages\/77"}],"collection":[{"href":"http:\/\/wscb.at\/index.php?rest_route=\/wp\/v2\/pages"}],"about":[{"href":"http:\/\/wscb.at\/index.php?rest_route=\/wp\/v2\/types\/page"}],"author":[{"embeddable":true,"href":"http:\/\/wscb.at\/index.php?rest_route=\/wp\/v2\/users\/1"}],"replies":[{"embeddable":true,"href":"http:\/\/wscb.at\/index.php?rest_route=%2Fwp%2Fv2%2Fcomments&post=77"}],"version-history":[{"count":4,"href":"http:\/\/wscb.at\/index.php?rest_route=\/wp\/v2\/pages\/77\/revisions"}],"predecessor-version":[{"id":533,"href":"http:\/\/wscb.at\/index.php?rest_route=\/wp\/v2\/pages\/77\/revisions\/533"}],"wp:attachment":[{"href":"http:\/\/wscb.at\/index.php?rest_route=%2Fwp%2Fv2%2Fmedia&parent=77"}],"curies":[{"name":"wp","href":"https:\/\/api.w.org\/{rel}","templated":true}]}}

Über uns

<p>Der Wasserskiclub Bregenz wude im Jahre 1993 gegründet und hat derzeit ca. 45 Mitglieder.</p>
<p>Unser Zuhause ist schon wie der Name sagt in Bregenz am Bodensee (siehe Standort). Unser Boot, ein Ski Nautique von Correct Craft mit 240PS, liegt im Bregenzer Gondelhafen von wo aus wir auch meistens trainieren. Parallel benützen wir den Startsteg neben den Festspielen um am Abend vom Land wegzufahren (siehe Standort).</p>
<p>Unser Club ist bemüht, neben viel Spaßfaktor für diejenigen die das Wasserskifahren nur sporadisch betreiben auch den Bereich Wasserski-Wettkampf zu forcieren. Dabei sprechen wir vor allem die jungen Wasserskiläufer/innen an, welche auch regelmäßig an Bewerben teilnehmen und sich mit anderen Wettkämpfern zu messen.</p>
<p><img loading="lazy" class="alignnone size-medium wp-image-532" src="http://wscb.at/wp-content/uploads/2018/01/P7310019-300x225.jpg" alt="" width="300" height="225" srcset="http://wscb.at/wp-content/uploads/2018/01/P7310019-300x225.jpg 300w, http://wscb.at/wp-content/uploads/2018/01/P7310019-768x576.jpg 768w, http://wscb.at/wp-content/uploads/2018/01/P7310019-1024x768.jpg 1024w" sizes="(max-width: 300px) 100vw, 300px" />    <img loading="lazy" class="alignnone size-medium wp-image-531" src="http://wscb.at/wp-content/uploads/2018/01/Startplatz-7-300x225.jpg" alt="" width="300" height="225" srcset="http://wscb.at/wp-content/uploads/2018/01/Startplatz-7-300x225.jpg 300w, http://wscb.at/wp-content/uploads/2018/01/Startplatz-7-768x576.jpg 768w, http://wscb.at/wp-content/uploads/2018/01/Startplatz-7-1024x768.jpg 1024w, http://wscb.at/wp-content/uploads/2018/01/Startplatz-7.jpg 1280w" sizes="(max-width: 300px) 100vw, 300px" /></p>
<p>Auch sind wir immer wieder bemüht Trainingslager an anderen Seen zu organisieren, damit die Wasserskiläufer/innen auch andere Wasserskianlagen kennen lernen und gewohnt werden auch unter anderen äußeren Bedingungen Wasserski zu laufen. Diese Trainingslager sind jedes Jahr sehr beliebt und werden auch mit großen Fortschritten belohnt.</p>
<p>Falls du mehr über den Wasserskisport wissen willst melde dich einfach oder besuch uns einmal am See.</p>

<p>Der Wasserskiclub Bregenz wude im Jahre 1993 gegründet und hat derzeit ca. 45 Mitglieder. Unser Zuhause ist schon wie der Name sagt in Bregenz am Bodensee (siehe Standort). Unser Boot, ein Ski Nautique von Correct Craft mit 240PS, liegt im Bregenzer Gondelhafen von wo aus wir auch meistens trainieren. Parallel benützen wir den Startsteg neben [&hellip;]</p>
