{"id":485,"date":"2018-01-21T13:35:30","date_gmt":"2018-01-21T12:35:30","guid":{"rendered":"http:\/\/wscb.at\/?page_id=485"},"modified":"2018-02-21T18:33:02","modified_gmt":"2018-02-21T17:33:02","slug":"wintertraining-2002-3","status":"publish","type":"page","link":"http:\/\/wscb.at\/?page_id=485","title":{"rendered":"Wintertraining 2002\/3"},"content":{"rendered":"<p>Ein engagiertes Klubmitglied namens Lui hat sich auf die Suche nach einer neuen <img loading=\"lazy\" class=\"size-medium wp-image-487 alignright\" src=\"http:\/\/wscb.at\/wp-content\/uploads\/2018\/01\/Wintertraining-2002_1-300x225.jpg\" alt=\"\" width=\"300\" height=\"225\" srcset=\"http:\/\/wscb.at\/wp-content\/uploads\/2018\/01\/Wintertraining-2002_1-300x225.jpg 300w, http:\/\/wscb.at\/wp-content\/uploads\/2018\/01\/Wintertraining-2002_1.jpg 384w\" sizes=\"(max-width: 300px) 100vw, 300px\" \/>Trainingsmethode gemacht um endlich auch im Winter um die Bojen kurven zu k\u00f6nnen. Und das alles nicht in Florida bei 30\u00b0 und Alligatoren, nein das macht ja jeder, sondern in Diepoldsau bei -2\u00b0 und 20 cm Schneeh\u00f6he. Wie gesagt hat sich Lui ein wenig umgeschaut was es da alles machbar ist und wie sollte es auch anders sein (sonst w\u00fcrde er nicht Lui heissen) hat er die geeignete Sportart und das optimale Trainingsgel\u00e4nde gefunden. Eines Tages bekamen wir einen Anruf aus der Schweiz und 2 Stunden sp\u00e4ter standen wir schon auf dem etwas h\u00e4rteren aber mit guten Kanten best\u00fccktem Wasserski mit eingeh\u00e4ngter 18m Leine. Wir konnten es eigentlich zuerst kaum fassen welche Anlage und Bedingungen (flaches Wasser wie wir es vom Bodensee nicht gewohnt sind, jedoch in einem anderen Aggregatzustand als gewohnt) uns geboten wurde. Dank Luis enormen Aufwand die Piste bestm\u00f6glich zu pr\u00e4parieren und den Slalomkurs massgenau in den Schnee zu stecken waren die Verh\u00e4ltnisse traumhaft!!!! Das einzige das jetzt noch fehlt ist das Zugger\u00e4t , was bekanntlich beim Wasserski ein Boot ist. Lui hat sich f\u00fcr ein 4-Rad \u201eT\u00f6ff\u201c entschieden. F\u00fcr alle die nicht wissen was das ist es ist ein zweispuriges Motorrad mit 4 R\u00e4dern. Nun war die Ausr\u00fcstung vollst\u00e4ndig und es ging ans Eingemachte. Keiner wollte der Erste sein und so war ich das Versuchskaninchen der als erstes sich aufs Brett stellte und den Slalomkurs durchzog. Da mein Wasserski schon lange im Keller stand und ich daher nicht im Training war musste ich leider nach 4 Durchfahrten aufgeben. Ich war aber sehr, sehr \u00fcberrascht welche \u00c4hnlichkeit es mit Wasserskifahren hat. Die Bewegungsabl\u00e4ufe, die Haltung, die Kurvenfahrten und vor allem die Querfahrten sind fast ident wie die am fl\u00fcssigen Wasser. Lui konnte es kaum fassen, dass ich schon kaputt war aber ich musste das Hantel an Richard weitergeben. Er hatte sich inzwischen neben kopfsch\u00fcttelnden Zuschauern in das gewohnte Equipment gezw\u00e4ngt. Genauere Beschreibung will ich gar nicht ausf\u00fchren denn sonst w\u00fcrde es mich beim Schreiben noch frieren. Kleine Bemerkung: Richard = kurzer Anzug was anders kennt er nicht. Zitat Richard: \u201eKoscht ned viel und ischt a k\u00f6rige Hetz\u201c. detaillierte Infos siehe Bild. Nachdem er die komplette Ausr\u00fcstung an hatte, inklusive Wasserskiweste (Zitat: das ist ja beim Wasserskifahren Vorschrift), stellte er sich auch auf den Wasserski und fuhr auch sehr gut durch den Kurs. Bis kurz vor Schluss ist noch alles gut gegangen jedoch beim Abkristeln versch\u00e4tzte er sich leicht mit dem Abstand zum T\u00f6ff und musste zwangsl\u00e4ufig mit dem Unterschenkel auf dem gefrorenen Schnee bremsen, was f\u00fcr die Haut etwas zu hart war. Fazit: Richards Unterschenkel hatte nicht mehr viel Haut daf\u00fcr sah man viel Blut. Er nahm es relativ gelassen hin, was sich aber sp\u00e4ter \u00e4nderte. Aus geheimen Quellen konnte ich erfahren dass er immer \u00fcber Spannen und Ziehen der Wunde gejammert hat (sollte aber geheim bleiben). Aber das Training war noch nicht zu Ende und so stellte sich Michi, gut eingepackt (er wollte nicht das gleiche erleiden), an den Start. Wie den meisten bekannt ist, ist Michi ein alter Skifahrer sowohl auf Schnee als auch auf Wasser, und so gelang ihm die kleine Umstellung am <img loading=\"lazy\" class=\"size-medium wp-image-486 alignleft\" src=\"http:\/\/wscb.at\/wp-content\/uploads\/2018\/01\/Wintertraining-2002_2-300x225.jpg\" alt=\"\" width=\"300\" height=\"225\" srcset=\"http:\/\/wscb.at\/wp-content\/uploads\/2018\/01\/Wintertraining-2002_2-300x225.jpg 300w, http:\/\/wscb.at\/wp-content\/uploads\/2018\/01\/Wintertraining-2002_2.jpg 384w\" sizes=\"(max-width: 300px) 100vw, 300px\" \/>besten. Es sah schon wirklich wie Wasserskifahren aus. Zu guter Letzt zeigte uns noch der Chef Lui wie man den Kurs richtig bew\u00e4ltigt. Wir waren von seinem K\u00f6nnen, was auf sein eisernes Training zur\u00fcckzuf\u00fchren ist, schwer begeistert. Er fuhr wie auf einem richtigen Wasserski durch den Kurs, was eine Best\u00e4tigung f\u00fcr die \u00c4hnlichkeit zum Slalomfahren war. Abschlie\u00dfend kann und m\u00f6chte ich sagen, dass es ein erfolgreicher Trainingstag war und wir alle nur darauf warten, dass es bald wieder solche Bedingungen gibt und wir wieder durch den Kurs schwingen k\u00f6nnen. Nochmals vielen Dank an Lui der viel Zeit und Anstrengungen daf\u00fcr geopfert hat um das m\u00f6glich zu machen.<\/p>\n<p><a href=\"http:\/\/wscb.at\/?page_id=109\">&lt;&lt; Zur\u00fcck<\/a><\/p>\n","protected":false},"excerpt":{"rendered":"<p>Ein engagiertes Klubmitglied namens Lui hat sich auf die Suche nach einer neuen Trainingsmethode gemacht um endlich auch im Winter um die Bojen kurven zu k\u00f6nnen. Und das alles nicht in Florida bei 30\u00b0 und Alligatoren, nein das macht ja jeder, sondern in Diepoldsau bei -2\u00b0 und 20 cm Schneeh\u00f6he. Wie gesagt hat sich Lui [&hellip;]<\/p>\n","protected":false},"author":2,"featured_media":0,"parent":109,"menu_order":21,"comment_status":"closed","ping_status":"closed","template":"","meta":[],"_links":{"self":[{"href":"http:\/\/wscb.at\/index.php?rest_route=\/wp\/v2\/pages\/485"}],"collection":[{"href":"http:\/\/wscb.at\/index.php?rest_route=\/wp\/v2\/pages"}],"about":[{"href":"http:\/\/wscb.at\/index.php?rest_route=\/wp\/v2\/types\/page"}],"author":[{"embeddable":true,"href":"http:\/\/wscb.at\/index.php?rest_route=\/wp\/v2\/users\/2"}],"replies":[{"embeddable":true,"href":"http:\/\/wscb.at\/index.php?rest_route=%2Fwp%2Fv2%2Fcomments&post=485"}],"version-history":[{"count":2,"href":"http:\/\/wscb.at\/index.php?rest_route=\/wp\/v2\/pages\/485\/revisions"}],"predecessor-version":[{"id":624,"href":"http:\/\/wscb.at\/index.php?rest_route=\/wp\/v2\/pages\/485\/revisions\/624"}],"up":[{"embeddable":true,"href":"http:\/\/wscb.at\/index.php?rest_route=\/wp\/v2\/pages\/109"}],"wp:attachment":[{"href":"http:\/\/wscb.at\/index.php?rest_route=%2Fwp%2Fv2%2Fmedia&parent=485"}],"curies":[{"name":"wp","href":"https:\/\/api.w.org\/{rel}","templated":true}]}}