{"id":425,"date":"2018-01-20T18:10:05","date_gmt":"2018-01-20T17:10:05","guid":{"rendered":"http:\/\/wscb.at\/?page_id=425"},"modified":"2018-02-21T19:06:38","modified_gmt":"2018-02-21T18:06:38","slug":"moutenbike-trophy-2010","status":"publish","type":"page","link":"http:\/\/wscb.at\/?page_id=425","title":{"rendered":"Gapfohl Trophy 2010"},"content":{"rendered":"<p><img loading=\"lazy\" class=\"size-medium wp-image-426 alignleft\" src=\"http:\/\/wscb.at\/wp-content\/uploads\/2018\/01\/Moutenbike-Trophy-2010-300x225.jpg\" alt=\"\" width=\"300\" height=\"225\" srcset=\"http:\/\/wscb.at\/wp-content\/uploads\/2018\/01\/Moutenbike-Trophy-2010-300x225.jpg 300w, http:\/\/wscb.at\/wp-content\/uploads\/2018\/01\/Moutenbike-Trophy-2010.jpg 614w\" sizes=\"(max-width: 300px) 100vw, 300px\" \/>Ein weiteres Event unserer nicht Wasserskiaktivit\u00e4ten war das Mountainbike Rennen in Gapfohl \/ Laterns am 3. Juli. Eine Strecke von 8,6 km mit 700 H\u00f6henmeter bescherte uns am hei\u00dfesten Tag des Jahres viel Schwei\u00df. Wir, das waren Alex, Michi, Christoph, Martin, Bernd, Philip und Richard gingen an den Start. Wir waren das 2. gr\u00f6\u00dfte Team! Wir sind die Strecke im Training 3 bis 4 mal gefahren und waren mit der Strecke vertraut. Die Temperaturen im Training waren aber wesentlich angenehmer als beim Rennen. 2 Wochen vor dem Rennen hatten wir beim Zieleinlauf coole 4 Grad, was Aufw\u00e4rts f\u00fcr mich sehr angenehm war. Aber dann kam das Rennwochenende und es wurden 34 Grad vorausgesagt. Unser Auftakt vor Ort um 9 Uhr mit unserem Fuhrpark und unserem einheitlichen hellblauen Dress hinterlie\u00df einen professionellen Eindruck. W\u00e4hrendessen stieg die Temperatur bis zum Startschuss um 10h30 unaufhaltsam an. Ich dachte nur, hoffentlich geht es bald los damit wir das hinter uns bringen k\u00f6nnen. Dann endlich kam der erl\u00f6sende Startschuss und wir d\u00fcsten los. Ich sp\u00fcrte sofort den Unterschied gegen\u00fcber den Trainingsfahrten. Das Rennen w\u00fcrde viel Wasser kosten. Schlussendlich waren es bei mir 4 Kilo! Aber auch die anderen k\u00e4mpften mit den Bedingungen. Der Streckenabschnitt durch den lichten Wald, ohne ein Hauch von einem L\u00fcftchen war m\u00f6rderisch. Eine Klimaanlage w\u00e4re jetzt Goldwert gewesen. Aber schlussendlich sind wir alle oben angekommen. Bernd hat sogar noch einen Begleitschutz (Bergrettung) erhalten. Bei den anschlie\u00dfenden Getr\u00e4nken und W\u00fcrsten konnten wir uns dann wieder regenerieren. Auch wenn wir nicht die schnellsten waren, so hat unsere Truppe die meisten Preise abgesahnt. Trostpreise inklusive!\u00a0<a href=\"http:\/\/wscb.at\/?bwg_gallery=gapfohl-trophy-2010\" target=\"_blank\" rel=\"noopener\">Fotogalerie<\/a><\/p>\n<p><a href=\"http:\/\/wscb.at\/?page_id=109\">&lt;&lt; Zur\u00fcck<\/a><\/p>\n","protected":false},"excerpt":{"rendered":"<p>Ein weiteres Event unserer nicht Wasserskiaktivit\u00e4ten war das Mountainbike Rennen in Gapfohl \/ Laterns am 3. Juli. Eine Strecke von 8,6 km mit 700 H\u00f6henmeter bescherte uns am hei\u00dfesten Tag des Jahres viel Schwei\u00df. Wir, das waren Alex, Michi, Christoph, Martin, Bernd, Philip und Richard gingen an den Start. Wir waren das 2. gr\u00f6\u00dfte Team! [&hellip;]<\/p>\n","protected":false},"author":2,"featured_media":0,"parent":109,"menu_order":11,"comment_status":"closed","ping_status":"closed","template":"","meta":[],"_links":{"self":[{"href":"http:\/\/wscb.at\/index.php?rest_route=\/wp\/v2\/pages\/425"}],"collection":[{"href":"http:\/\/wscb.at\/index.php?rest_route=\/wp\/v2\/pages"}],"about":[{"href":"http:\/\/wscb.at\/index.php?rest_route=\/wp\/v2\/types\/page"}],"author":[{"embeddable":true,"href":"http:\/\/wscb.at\/index.php?rest_route=\/wp\/v2\/users\/2"}],"replies":[{"embeddable":true,"href":"http:\/\/wscb.at\/index.php?rest_route=%2Fwp%2Fv2%2Fcomments&post=425"}],"version-history":[{"count":4,"href":"http:\/\/wscb.at\/index.php?rest_route=\/wp\/v2\/pages\/425\/revisions"}],"predecessor-version":[{"id":640,"href":"http:\/\/wscb.at\/index.php?rest_route=\/wp\/v2\/pages\/425\/revisions\/640"}],"up":[{"embeddable":true,"href":"http:\/\/wscb.at\/index.php?rest_route=\/wp\/v2\/pages\/109"}],"wp:attachment":[{"href":"http:\/\/wscb.at\/index.php?rest_route=%2Fwp%2Fv2%2Fmedia&parent=425"}],"curies":[{"name":"wp","href":"https:\/\/api.w.org\/{rel}","templated":true}]}}