{"id":175,"date":"2017-12-30T16:46:39","date_gmt":"2017-12-30T15:46:39","guid":{"rendered":"http:\/\/wscb.at\/?page_id=175"},"modified":"2023-04-16T09:26:09","modified_gmt":"2023-04-16T08:26:09","slug":"gutschein","status":"publish","type":"page","link":"http:\/\/wscb.at\/?page_id=175","title":{"rendered":"Gutschein"},"content":{"rendered":"<p>Du brauchst ein spezielles Geschenk, das einem nicht nur das Wasser in die Augen treibt?<br \/>\nDaf\u00fcr h\u00e4tten wir folgende L\u00f6sung:<\/p>\n<p><img loading=\"lazy\" class=\"alignnone wp-image-707 \" src=\"http:\/\/wscb.at\/wp-content\/uploads\/2018\/04\/Mustergutschein_gross.png\" alt=\"\" width=\"458\" height=\"324\" srcset=\"http:\/\/wscb.at\/wp-content\/uploads\/2018\/04\/Mustergutschein_gross.png 315w, http:\/\/wscb.at\/wp-content\/uploads\/2018\/04\/Mustergutschein_gross-300x212.png 300w\" sizes=\"(max-width: 458px) 100vw, 458px\" \/><\/p>\n<p>Gerne stellen wir dir einen Gutschein um Euro 3.- pro Minute zusammen.<br \/>\nKontaktiere uns einfach via E-Mail oder Telefon mind. eine Woche im Voraus.<\/p>\n","protected":false},"excerpt":{"rendered":"<p>Du brauchst ein spezielles Geschenk, das einem nicht nur das Wasser in die Augen treibt? Daf\u00fcr h\u00e4tten wir folgende L\u00f6sung: Gerne stellen wir dir einen Gutschein um Euro 3.- pro Minute zusammen. Kontaktiere uns einfach via E-Mail oder Telefon mind. eine Woche im Voraus.<\/p>\n","protected":false},"author":2,"featured_media":0,"parent":0,"menu_order":0,"comment_status":"closed","ping_status":"closed","template":"","meta":[],"_links":{"self":[{"href":"http:\/\/wscb.at\/index.php?rest_route=\/wp\/v2\/pages\/175"}],"collection":[{"href":"http:\/\/wscb.at\/index.php?rest_route=\/wp\/v2\/pages"}],"about":[{"href":"http:\/\/wscb.at\/index.php?rest_route=\/wp\/v2\/types\/page"}],"author":[{"embeddable":true,"href":"http:\/\/wscb.at\/index.php?rest_route=\/wp\/v2\/users\/2"}],"replies":[{"embeddable":true,"href":"http:\/\/wscb.at\/index.php?rest_route=%2Fwp%2Fv2%2Fcomments&post=175"}],"version-history":[{"count":5,"href":"http:\/\/wscb.at\/index.php?rest_route=\/wp\/v2\/pages\/175\/revisions"}],"predecessor-version":[{"id":947,"href":"http:\/\/wscb.at\/index.php?rest_route=\/wp\/v2\/pages\/175\/revisions\/947"}],"wp:attachment":[{"href":"http:\/\/wscb.at\/index.php?rest_route=%2Fwp%2Fv2%2Fmedia&parent=175"}],"curies":[{"name":"wp","href":"https:\/\/api.w.org\/{rel}","templated":true}]}}