{"id":173,"date":"2017-12-30T16:40:24","date_gmt":"2017-12-30T15:40:24","guid":{"rendered":"http:\/\/wscb.at\/?page_id=173"},"modified":"2023-04-16T09:35:43","modified_gmt":"2023-04-16T08:35:43","slug":"schnupperkurs","status":"publish","type":"page","link":"http:\/\/wscb.at\/?page_id=173","title":{"rendered":"Schnupperkurs"},"content":{"rendered":"<p><img loading=\"lazy\" class=\"alignnone size-medium wp-image-527\" src=\"http:\/\/wscb.at\/wp-content\/uploads\/2018\/01\/IMG_1006-1-300x225.jpg\" alt=\"\" width=\"300\" height=\"225\" srcset=\"http:\/\/wscb.at\/wp-content\/uploads\/2018\/01\/IMG_1006-1-300x225.jpg 300w, http:\/\/wscb.at\/wp-content\/uploads\/2018\/01\/IMG_1006-1-768x576.jpg 768w, http:\/\/wscb.at\/wp-content\/uploads\/2018\/01\/IMG_1006-1-1024x768.jpg 1024w\" sizes=\"(max-width: 300px) 100vw, 300px\" \/>\u00a0\u00a0\u00a0 <img loading=\"lazy\" class=\"alignnone size-medium wp-image-529\" src=\"http:\/\/wscb.at\/wp-content\/uploads\/2018\/01\/Christian_5-300x225.jpg\" alt=\"\" width=\"300\" height=\"225\" srcset=\"http:\/\/wscb.at\/wp-content\/uploads\/2018\/01\/Christian_5-300x225.jpg 300w, http:\/\/wscb.at\/wp-content\/uploads\/2018\/01\/Christian_5.jpg 640w\" sizes=\"(max-width: 300px) 100vw, 300px\" \/><\/p>\n<p>Noch nie Wasserski gefahren? Oder schon lange nicht mehr? Kein Problem.<br \/>\nWir bieten einen 10 Minutigen Schnupperkurs f\u00fcr Jugendliche und Erwachsene an. Mitzubringen sind Badehose und Handtuch. Wer einen Neoprenanzug hat, mitnehmen. Wasserski, Schwimmweste und Anzug\/Hose haben wir f\u00fcr g\u00e4ngige Gr\u00f6ssen.<\/p>\n<p>Jugendliche (bis 18J): 15.- Euro<br \/>\nErwachsene: 30.- Euro<\/p>\n<p>Standort, Termine und Kontakte siehe Auswahltasten oben.<\/p>\n","protected":false},"excerpt":{"rendered":"<p>\u00a0\u00a0\u00a0 Noch nie Wasserski gefahren? Oder schon lange nicht mehr? Kein Problem. Wir bieten einen 10 Minutigen Schnupperkurs f\u00fcr Jugendliche und Erwachsene an. Mitzubringen sind Badehose und Handtuch. Wer einen Neoprenanzug hat, mitnehmen. Wasserski, Schwimmweste und Anzug\/Hose haben wir f\u00fcr g\u00e4ngige Gr\u00f6ssen. Jugendliche (bis 18J): 15.- Euro Erwachsene: 30.- Euro Standort, Termine und Kontakte siehe [&hellip;]<\/p>\n","protected":false},"author":2,"featured_media":0,"parent":0,"menu_order":0,"comment_status":"closed","ping_status":"closed","template":"","meta":[],"_links":{"self":[{"href":"http:\/\/wscb.at\/index.php?rest_route=\/wp\/v2\/pages\/173"}],"collection":[{"href":"http:\/\/wscb.at\/index.php?rest_route=\/wp\/v2\/pages"}],"about":[{"href":"http:\/\/wscb.at\/index.php?rest_route=\/wp\/v2\/types\/page"}],"author":[{"embeddable":true,"href":"http:\/\/wscb.at\/index.php?rest_route=\/wp\/v2\/users\/2"}],"replies":[{"embeddable":true,"href":"http:\/\/wscb.at\/index.php?rest_route=%2Fwp%2Fv2%2Fcomments&post=173"}],"version-history":[{"count":7,"href":"http:\/\/wscb.at\/index.php?rest_route=\/wp\/v2\/pages\/173\/revisions"}],"predecessor-version":[{"id":949,"href":"http:\/\/wscb.at\/index.php?rest_route=\/wp\/v2\/pages\/173\/revisions\/949"}],"wp:attachment":[{"href":"http:\/\/wscb.at\/index.php?rest_route=%2Fwp%2Fv2%2Fmedia&parent=173"}],"curies":[{"name":"wp","href":"https:\/\/api.w.org\/{rel}","templated":true}]}}